- (4 - 4)
1
What is (-3 - -3) + -7 + 4?
-3
Evaluate 4 - 1 - (20 + -10 + -7).
0
5 - (5 + -1 + -3)
4
What is -1 + (0 - -6) + (5 - 7)?
3
Evaluate -2 - (0 + 0 + -2 + -3).
3
Calculate 3 + -1 + (-6 - (3 + -7)).
0
Evaluate (-1 - -7) + -31 + 28.
3
What is -4 + (-1 - (2 + -9))?
2
What is the value of 0 + (-2 - -1 - 3) + 1?
-3
What is the value of -5 - (-3 + 1 - 7)?
4
Evaluate ((1 - 1) + 3 - 6) + 2.
-1
Evaluate -1 + -16 + (-67 - -71) - -6.
-7
What is (-19 - (-30 - -15)) + 12?
8
What is -2 - (-2 + (3 - 5))?
2
Calculate -4 + -5 - -14 - 3.
2
Calculate 15 + -6 + -8 + 5.
6
What is -1 + (8 - (-1 - -5)) + -6?
-3
What is 5 - (14 - (5 + -1))?
-5
What is 0 + 0 - (73 - 70)?
-3
Evaluate 2 + (1 - 0) + (108 - 102).
9
Calculate 10 + (10 - (24 + -8)).
4
16 + -5 + -2 - 17
-8
Evaluate -3 + 0 - ((6 - 3) + -9).
3
Calculate -8 + (-5 - -10) + -1.
-4
Evaluate 3 + -5 + -4 + 7.
1
(-7 - -6) + 7 + -6
0
Evaluate -2 + 3 - (-8 + 10).
-1
Evaluate (-16 - -7) + 15 - 9.
-3
Calculate -10 - -8 - (3 - 8) - 10.
-7
What is (2 - 12 - -2) + (9 - 7)?
-6
-12 + -4 - (5 + -15)
-6
1 + -4 + -4 + 7
0
What is (-7 - -5) + -3 - (-1 + -8)?
4
What is -11 + -4 + 18 - 6?
-3
Calculate (16 - 16) + 4 + -2.
2
What is the value of 6 + -1 + -18 + (24 - 11)?
0
What is 23 + -21 - (-5 - -1)?
6
Evaluate 2 + (-5 - -4) + -12 + 6.
-5
What is the value of (-13 - -5) + 11 + -3?
0
What is 6 + -9 + -5 + 2 + 1?
-5
What is 21 - (11 - 4) - (-1 - -8)?
7
What is the value of 4 + (-5 - 3) + 5?
1
Calculate (0 - 2) + -2 - 4 - -4.
-4
Evaluate 1 + (-5 - -14) + -15.
-5
35 + -33 - (7 - (-1 - -2))
-4
What is -9 + 13 + (5 - 14)?
-5
-4 + (8 - 0 - 3)
1
What is -3 + 5 + (5 - 3) + -1?
3
Calculate -2 + -6 - (-12 + 8).
-4
Evaluate 1 + -18 + 13 + -1.
-5
What is -6 + 6 + -6 + 7 + -7?
-6
Evaluate 16 + -25 + (7 - 1).
-3
What is 1 + -5 + 1 + 2?
-1
1 + -2 + -1 + -1
-3
What is the value of -3 + 0 + (-3 - 0) + 7?
1
Calculate -70 - -77 - (0 + 7).
0
Calculate 5 + 2 + (-2 - 1).
4
Calculate (9 - -2 - 6) + -11.
-6
What is the value of (2 - 3 - 3) + 8?
4
Evaluate 12 + 14 + -31 + 10.
5
-6 - (-11 + 1 + 1)
3
What is the value of 0 + (-1 - (-2 + 6 + -5))?
0
8 - (0 - (-4 + -4))
0
What is 41 + -32 + (1 - 5) + -1?
4
Calculate -10 + (-9 - 0) + 15.
-4
What is the value of 12 + (1 - 6 - -1) - 2?
6
What is -2 - -2 - 2 - (12 + -13)?
-1
Calculate (1 - (2 + 5)) + 10.
4
What is the value of (1 - 8) + 2 + 6?
1
Calculate -1 + -2 + 7 + -1 + -6.
-3
What is the value of 0 + (0 - 0) - 0 - -4?
4
What is the value of 1 + (-8 - (-6 + 0))?
-1
Evaluate (8 - 5) + 1 + -1 + -1.
2
What is the value of 0 - (-10 - -3) - 6 - -7?
8
Evaluate -9 - (-3 - -2) - -13.
5
7 - 3 - (7 - -2)
-5
Evaluate 4 - (16 + -5) - (-1 - 1).
-5
-4 - ((0 - 6) + 7) - -6
1
What is -3 - (-9 + 1 + 3) - 6?
-4
Calculate 0 + (1 - 2) - 3.
-4
Evaluate -4 - -3 - (0 + 0 + -3).
2
What is 4 + (10 - 6 - 5) + -11?
-8
What is the value of -2 - (-2 - -2 - 6 - -4)?
0
What is (12 - 10) + -8 - (-9 - 1)?
4
Calculate -55 + 62 - (1 - 3) - 1.
8
2 - (1 - (-1 + -1))
-1
What is (3 - 3) + 5 + -2 - 4?
-1
Evaluate (6 - 3 - -1) + (6 - 7).
3
What is the value of (1 - 0 - 11) + 5?
-5
Evaluate -4 + (5 - (-1 - -1) - -1).
2
What is the value of (11 - 9) + -5 + -1?
-4
What is 2 - 1 - 9 - (-177 + 172)?
-3
What is the value of 1 + 0 - (-1 + 0)?
2
Evaluate -5 + 0 + 10 + 0.
5
Evaluate 3 + (-2 - -1) + -6.
-4
What is 13 - (14 + -6 - 2)?
7
Calculate -3 - (-3 + 1 + -5).
4
Calculate 1 + -4 - 1 - (20 + -26).
2
Evaluate 11 + -1 - (2 - -3).
5
What is the value of 1 - (1 - 4) - 3?
1
Calculate -2 - (-2 - (10 - 10)).
0
What is the value of -7 + 6 + (-4 - -3)?
-2
-13 + 6 - -5 - 4
-6
What is the value of 10 + -14 - (1 - -2 - 12)?
5
What is the value of -33 + 38 + (-2 - -2 - 3)?
2
What is (1 - (-10 + 13)) + 1 + -2?
-3
Calculate 1 - -1 - 2 - -5.
5
3 + -1 + (-3 - (-10 + 4))
5
What is -4 + 6 + (-2 - 1)?
-1
-8 - (8 - (-6 - -20))
-2
Calculate 4 - (6 - (-4 + 5 - 1)).
-2
-1 + (-2 - -4) + -1
0
Calculate 0 + 6 - -1 - (66 + -62).
3
What is 8 + -11 + -2 + 11?
6
Evaluate 7 - (17 + -1) - -7.
-2
What is the value of 4 + -1 - (4 + -1)?
0
Calculate -4 - (11 + -15 - 8).
8
What is the value of 5 - (0 - 3 - -13)?
-5
What is 1 + -5 - (4 - (10 + 0))?
2
What is (-2 - -4) + (-5 - (-4 + 2))?
-1
What is the value of -2 + (6 - (6 - 1)) + -3?
-4
What is the value of 0 - (7 + -4) - 2?
-5
-2 + -9 + 15 + (-5 - -1)
0
What is (-1 - -1 - -8) + (315 - 312)?
11
Calculate -3 + 2 + -3 - (-27 - -25).
-2
What is the value of (1 - -18) + -10 + -3?
6
Evaluate 15 + -15 + (-9 - 0).
-9
What is 21 + (12 - (13 - -13))?
7
What is 3 - (-5 - (1 - 7))?
2
What is (2 - 1 - (-2 - -3)) + 3?
3
11 + -3 + 2 - 15
-5
0 + (5 - 3) + -4
-2
Evaluate -20 + 13 + (-8 - -9).
-6
Evaluate (3 - -4) + -3 - (5 - -2).
-3
-10 + 0 + 4 + 1
-5
Evaluate (-1 - -4) + (-2 - 7).
-6
-120 + 127 + (0 - 8)
-1
Evaluate (0 - (2 - 0)) + -1.
-3
What is the value of 3 + (2 - 9) + -1?
-5
Calculate -2 - (1 + 1 + 2 + -4).
-2
Calculate (1 - (9 + -9 + 3)) + 7.
5
What is 5 + -13 + 12 + 0 + 2?
6
What is the value of (13 - (-1 + 4)) + -5 - 0?
5
Calculate 1 + (-47 - -60) + 1 + -6.
9
What is -4 + -3 + (6 - -12) + 0?
11
What is the value of (-3 - 2 - 6) + 5?
-6
3 - -3 - (6 + 0)
0
What is 0 + -4 - -7 - (0 - -6)?
-3
Calculate (5 + 0 - (20 + -13)) + 5.
3
What is 7 - 1 - (-4 + 8)?
2
Evaluate 2 + (-1 - (1 - 4)).
4
Evaluate 17 + -9 + -8 + -4.
-4
What is (6 - 1) + -2 + 3 + -3?
3
Evaluate 2 - (-1 + -1 + 3 + 3).
-2
-9 + 3 - (5 - (15 - -1))
5
-17 - -24 - (-3 + 13)
-3
What is -7 + 8 - (-2 + 1) - -3?
5
What is 0 - (2 - 1) - (658 - 650)?
-9
Calculate (-3 + -3 - (-7 + 2)) + 4.
3
What is -7 + 0 + (-2 - -3)?
-6
Evaluate 0 + 12 + -4 + -3.
5
What is (3 - -1) + (-3 - 0) + 3?
4
Evaluate 6 + (-7 - 5) - (-14 + 1).
7
Evaluate -3 - (-3 - -3) - 0 - -5.
2
7 - 4 - (4 + 2 + -4)
1
What is the value of (15 - 13) + (-2 - -2)?
2
What is the value of (-2 - 0) + (-6 - -9) - 2?
-1
3 + -6 + 0 - (-4 - -5)
-4
8 - (-1 + 15 - 9)
3
(16 - 26) + (12 - -1)
3
(-7 - -7 - -1) + -3
-2
(6 - -1) + -2 - (30 - 30)
5
2 + (2 + -3 - (4 - 6))
3
1 - (8 + -19 + 12)
0
Evaluate (0 - 1) + (5 + -4 - 5).
-5
Evaluate 5 - (3 - -1 - (1 - -1)).
3
(10 - (9 - -2)) + (1 - 7)
-7
Evaluate (4 - (1 + 5)) + 7 + -1.
4
Calculate 3 + 2 + -1 + (-1 - -2).
5
What is the value of -1 - -1 - (-16 - -13)?
3
Calculate 13 + (-7 - (-4 - -4)).
6
1 + 11 + (-9 - -3)
6
What is -4 + 4 - (1 - 3)?
2
Evaluate 6 - (10 + (-3 - -9)).
-10
What is the value of -10 - (-21 + 0) - 4?
7
What is the value of -17 - -17 - (2 - 1 - 4)?
3
What is -2 + 5 - (-4 + 6 + -4)?
5
0 + 8 - (14 + 0)
-6
5 + (-1 + -4 - 4)
-4
-3 - (-5 + (-5 - -5) + 2)
0
Evaluate 2 + (-6 - (-3 + 0)).
-1
Calculate 0 - (3 + -6 + 5 + 2).
-4
Calculate -1 + -6 + (24 - 21) + 10.
6
1 - ((-1 - 1) + -3 - 0)
6
What is the value of 0 + (-8 - (8 + -6))?
-10
Evaluate 3 + (0 - 3) - (26 - 27).
1
What is 38 - 37 - (-3 - -2)?
2
Evaluate 0 + -6 + 12 + -4.
2
What is 7 - ((-1 - 1) + 8 + -2)?
3
Calculate 5 + -6 - (-8 - -2).
5
What is the value of 8 - (2 - (4 - 7))?
3
(-2 - -1 - (5 - 10)) + 0
4
Calculate 6 + -4 + (-3 - 4 - -4).
-1
Evaluate (1 - -4) + -7 + 1 + -4.
-5
Calculate 4 + -4 + 2 - -5 - 4.
3
8 + -10 + -1 + 9 + -2
4
What is (1 - (-11 - -18)) + 8?
2
What is the value of (2 - 3) + 4 + 0?
3
-3 + (1 - (-10 + (-4 - -9)))
3
Evaluate -7 + (5 - (-5 + 4 - 5)).
4
Evaluate 8 - (-1 - 4 - (-37 - -31)).
7
What is -1 + 2 + 4 - (28 + -24)?
1
Evaluate 11 + (3 - 0) + -10.
4
What is -6 - (-4 + (1 - 4) + 4)?
-3
Calculate 35 + -38 + -3 + 16.
10
What is -38 + 33 - (-4 - -1)?
-2
Evaluate 10 + (-6 - (0 - 2)) - 3.
3
Evaluate -2 - -4 - (8 + -2 + -9).
5
Calculate -12 + 8 - (1 - 6).
1
What is 0 - (0 - -2) - (-71 - -72)?
-3
89 + -78 - (-1 - -11)
1
What is -8 + 11 - (7 - 2)?
-2
Evaluate -5 - ((2 - -1) + -7 - -3).
-4
-8 - (9 - (23 - 6))
0
What is 1 - (10 + -4 + -2)?
-3
Calculate -4 + -3 + 9 + -7.
-5
What is the value of 7 + (-7 - -1) + -7?
-6
Calculate 7 + -1 + -1 + -13.
-8
What is the value of -3 - (7 + -14) - 10?
-6
-12 + 9 + 5 + -4 + -8
-10
Calculate -2 + -2 + -3 - -4.
-3
Evaluate 7 + -1 + -1 - (-9 + 9).
5
What is the value of (1 - 7) + -1 + 5 + -2?
-4
Evaluate 1 - 1 - (-9 - -9).
0
What is the value of (13 + -5 - 3) + -8?
-3
-1 + 11 + 5 + -10 - 5
0
-8 + (2 - -8) + -5
-3
-14 + (-4 - (-14 + 2))
-6
1 - -1 - (-3 + 0)
5
What is the value of -9 + (9 - 5 - 0) + 0?
-5
Evaluate -15 - -5 - 5 - -8.
-7
What is 6 + (-5 - -8) + -4?
5
Calculate -2 - 3 - (-4 - -